
Is 307979 a prime number?
False
Is 16473749 a composite number?
True
Is 401788511 composite?
False
Is 27273991 a composite number?
False
Is 36504071 composite?
False
Is 10478371 prime?
True
Is 10396189 prime?
False
Is 6972647 prime?
False
Is 57578857 a composite number?
True
Is 12037719 a prime number?
False
Is 36580403 prime?
False
Is 34850909 a prime number?
True
Is 9144253 a prime number?
True
Is 27901313 a prime number?
False
Is 142771085 composite?
True
Is 95123527 a prime number?
True
Is 177960271 prime?
True
Is 6046697 composite?
False
Is 14346439 composite?
False
Is 14265851 composite?
True
Is 730608367 prime?
True
Is 1099939 a prime number?
False
Is 40191563 a prime number?
False
Is 1820501 a composite number?
False
Is 526350857 composite?
False
Is 320237 a composite number?
False
Is 5796215 composite?
True
Is 27259801 prime?
True
Is 3177607 a prime number?
True
Is 7506509 prime?
True
Is 12694291 prime?
False
Is 42046937 composite?
False
Is 63988937 prime?
True
Is 74502977 a prime number?
False
Is 473469229 a prime number?
True
Is 3713249 a prime number?
False
Is 5064307 a prime number?
True
Is 471958579 prime?
True
Is 25283287 a composite number?
True
Is 3555353 composite?
False
Is 10983981 a prime number?
False
Is 1534349 prime?
True
Is 26751763 a composite number?
False
Is 193178957 a composite number?
False
Is 10174399 a prime number?
True
Is 103853431 a prime number?
False
Is 411294157 prime?
True
Is 25281257 a composite number?
False
Is 2703251 a prime number?
True
Is 98791897 a composite number?
True
Is 75860983 prime?
False
Is 49937213 a composite number?
True
Is 14384089 composite?
False
Is 29901983 a composite number?
False
Is 16334993 a composite number?
False
Is 61651 a composite number?
False
Is 469626695 a prime number?
False
Is 205805949 composite?
True
Is 10565317 a prime number?
False
Is 123941743 composite?
False
Is 131999377 a composite number?
True
Is 146064011 prime?
False
Is 32673569 a prime number?
True
Is 407177 a composite number?
False
Is 42710627 a prime number?
False
Is 4601811 a composite number?
True
Is 680551607 a composite number?
True
Is 22365227 a composite number?
False
Is 133674863 composite?
True
Is 61923371 prime?
True
Is 3346199 prime?
True
Is 6472547 prime?
False
Is 16776817 composite?
False
Is 80614783 a composite number?
False
Is 40781059 prime?
False
Is 23608097 composite?
True
Is 3261493 a composite number?
True
Is 1264319 composite?
True
Is 14197441 composite?
False
Is 23784199 prime?
False
Is 1074223 composite?
False
Is 58920943 a prime number?
True
Is 20043509 prime?
False
Is 82708693 a prime number?
False
Is 521981 a prime number?
True
Is 139849498 composite?
True
Is 3033211 a composite number?
True
Is 13912343 a composite number?
False
Is 98820283 a composite number?
True
Is 21801313 a prime number?
False
Is 6285397 a composite number?
False
Is 6023191 a prime number?
False
Is 10269191 a composite number?
False
Is 46822807 prime?
False
Is 131693551 prime?
False
Is 8548427 prime?
False
Is 58289111 a prime number?
False
Is 582433 a prime number?
True
Is 2223671 composite?
False
Is 42069913 a prime number?
True
Is 12814507 prime?
True
Is 24287777 a prime number?
True
Is 602093309 prime?
True
Is 1083863 a composite number?
True
Is 3580163 a prime number?
True
Is 646519 prime?
True
Is 1527517 a prime number?
False
Is 3793921 a prime number?
True
Is 35365139 a prime number?
True
Is 53030741 a composite number?
False
Is 96041893 a composite number?
True
Is 182632043 prime?
False
Is 5492441 a composite number?
True
Is 8059 a composite number?
False
Is 10119181 a prime number?
True
Is 11281299 a composite number?
True
Is 1808861 a prime number?
False
Is 607949 prime?
False
Is 517654591 a prime number?
False
Is 138609437 prime?
False
Is 3002317 a prime number?
False
Is 4171099 prime?
False
Is 7306423 composite?
False
Is 5454781 prime?
False
Is 1498279 prime?
True
Is 3243043 prime?
True
Is 8657 composite?
True
Is 366237863 a prime number?
False
Is 7235419 prime?
True
Is 27378499 a prime number?
True
Is 84902201 composite?
True
Is 88756979 composite?
False
Is 386774215 a composite number?
True
Is 848671 composite?
False
Is 152981 a composite number?
False
Is 26790347 a prime number?
False
Is 8632891 a prime number?
True
Is 188470369 composite?
True
Is 23764303 a prime number?
False
Is 317905915 a composite number?
True
Is 8741099 prime?
True
Is 3428057 prime?
True
Is 110660999 a prime number?
True
Is 790693 prime?
True
Is 1321503 composite?
True
Is 541657 a prime number?
True
Is 1936327 prime?
True
Is 8051639 prime?
True
Is 29727181 a composite number?
True
Is 145021 a composite number?
False
Is 8330507 a prime number?
True
Is 6869866 a prime number?
False
Is 4930507 a prime number?
False
Is 103972859 prime?
False
Is 5065145 a composite number?
True
Is 25840403 a composite number?
True
Is 114407401 a prime number?
True
Is 147461423 a prime number?
False
Is 5118181 prime?
False
Is 150274961 composite?
False
Is 2945567 composite?
True
Is 106780691 prime?
True
Is 101669899 a prime number?
True
Is 3253387 a composite number?
True
Is 5501647 a composite number?
False
Is 4298339 a prime number?
True
Is 11148374 a prime number?
False
Is 7394537 prime?
False
Is 854103 a composite number?
True
Is 11873201 prime?
True
Is 938921 composite?
False
Is 503207 a prime number?
True
Is 7818697 a composite number?
False
Is 286400887 a composite number?
True
Is 1853711 prime?
True
Is 387341 composite?
False
Is 1926481 a composite number?
False
Is 29962571 a prime number?
True
Is 20086167 composite?
True
Is 362090683 a composite number?
True
Is 7408813 a prime number?
True
Is 1505717 composite?
True
Is 81142981 a prime number?
False
Is 4138507 composite?
False
Is 85644107 a composite number?
False
Is 332741687 a prime number?
True
Is 6685123 a prime number?
False
Is 12166342 composite?
True
Is 1415639 composite?
False
Is 4896959 composite?
True
Is 1097035 a prime number?
False
Is 48543161 a prime number?
False
Is 907095419 composite?
True
Is 1412459 composite?
True
Is 623383 a prime number?
True
Is 1564543 prime?
True
Is 67357007 a prime number?
True
Is 124511 a prime number?
False
Is 3119341 a composite number?
False
Is 420808063 a prime number?
False
Is 8946827 prime?
True
Is 1436272121 prime?
False
Is 16161619 prime?
False
Is 23411291 prime?
True
Is 56033363 a prime number?
True
Is 6205643 composite?
False
Is 360565669 composite?
True
Is 5828533 prime?
False
Is 1121759 a composite number?
True
Is 7135859 a composite number?
True
Is 43126927 prime?
True
Is 1660793 a prime number?
True
Is 52557889 prime?
False
Is 1196309 a composite number?
False
Is 17625819 a composite number?
True
Is 5758297 prime?
True
Is 18943663 a prime number?
True
Is 5714246 prime?
False
Is 59549699 composite?
True
Is 285332561 a composite number?
False
Is 9095773 composite?
False
Is 407332327 a composite number?
True
Is 10494733 a composite number?
True
Is 173501423 composite?
False
Is 398311789 prime?
True
Is 3269563 a prime number?
False
Is 100142797 composite?
False
Is 72336347 prime?
True
Is 7623151 a prime number?
False
Is 23907647 a composite number?
False
Is 7932433 a composite number?
False
Is 205487 composite?
False
Is 5253817 a prime number?
False
Is 94247939 a composite number?
True
Is 302385151 a prime number?
True
Is 41667641 prime?
True
Is 2836373 a composite number?
True
Is 828327281 composite?
False
Is 23833963 prime?
False
Is 11939997 a prime number?
False
Is 2194187 a prime number?
True
Is 39239509 a composite number?
False
Is 347396803 prime?
False
Is 258602029 a composite number?
True
Is 12078491 prime?
True
Is 24493003 a prime number?
True
Is 2368649 a composite number?
False
Is 73265 composite?
True
Is 55482797 a composite number?
True
Is 9712603 prime?
False
Is 851527 a prime number?
False
Is 730321 composite?
False
Is 66841 a prime number?
True
Is 2861699 prime?
True
Is 800719 a composite number?
True
Is 98591033 a prime number?
False
Is 7797013 prime?
False
Is 39933767 a composite number?
True
Is 2390699 composite?
False
Is 6013699 prime?
False
Is 3392603 a prime number?
False
Is 2642449 prime?
True
Is 3438263 prime?
True
Is 72228659 prime?
True
Is 3596521 composite?
False
Is 1375357 a prime number?
True
Is 22073